o)?
0
Suppose -4*r = 4*l - 980, -494 = -2*r + 27*l - 25*l. What is the tens digit of r?
4
Let a(s) = -14*s + 241. Let u be a(17). Suppose 3*b + 743 = n, -8*n = -u*n - 4*b - 3748. What is the units digit of n?
2
What is the hundreds digit of (3 - 84712/(-10)) + 7 + 217/(-35)?
4
Let d(r) be the first derivative of 23*r**4/4 + 5*r**3/3 - 5*r**2/2 - 2*r + 2. What is the tens digit of d(3)?
4
Let s be ((-86)/(-2) + -1)/(0 + -2). What is the tens digit of 21*((-371)/s + 5)?
7
What is the tens digit of ((-17440074)/1212)/(1/(-2))?
7
Let l(q) = 3*q**2 + 2*q - 4. Let s be l(4). Suppose -4*z + 12 = -s. Suppose b - 58 = z. What is the units digit of b?
4
Let a = 250 + 4117. What is the units digit of (-2)/(-24) - a/(-12)?
4
What is the thousands digit of 2/((-6)/(-10)*210/63) + 6921?
6
Let i = -546 + 2331. Let s = i - 1047. What is the hundreds digit of s?
7
Let n be (-28)/(-6) + 17/51. Suppose 0 = -n*l - c + 2699, 0*l = 2*l + 3*c - 1077. What is the units digit of l?
0
Suppose 0 = -7*y + 3*y + 4176. What is the units digit of ((-2 - y) + -6)/(-2)?
6
Let a be 1323/(-273) + 2/(-13). Let c(m) = 37*m**2 + 23*m. What is the hundreds digit of c(a)?
8
Let z = 25 + -75. Let i = z - -46. What is the tens digit of (-16)/i + -4 + 56?
5
Let f(r) = 391*r**2 + 18*r - 7. What is the thousands digit of f(2)?
1
Let b be 5/((-30)/48)*(-4)/8. Suppose 2*g + b*z - 1674 = 0, -2*g = -3*g - 5*z + 849. What is the tens digit of g?
2
Let m(q) = 5*q**3 + 3*q**2 + 9*q - 8. Let u be m(-8). Let x be 7/(364/(-8)) - u/26. Suppose -298 = -4*i + x. What is the tens digit of i?
9
Let n = -4417 + 12324. What is the hundreds digit of n?
9
Let s = -3343 - -11560. What is the units digit of s?
7
Suppose -759*i - 12383 = -766*i. What is the thousands digit of i?
1
Let c(z) = 11*z**3 + 72*z - 42. What is the hundreds digit of c(11)?
3
Suppose 0 = -17*t - 8*t + 100. Suppose 5*f = -3*g + 5537, t*f + 7*g = 4*g + 4429. What is the hundreds digit of f?
1
Suppose -230*t = -49*t - 2005661. What is the ten thousands digit of t?
1
Let f be 0 - (-4)/4*3. Suppose -392 = -f*k - 2*p + 361, 0 = -k + 5*p + 268. What is the hundreds digit of k?
2
Let r = 46633 - 27356. What is the tens digit of r?
7
Let v(g) = 5*g + 12*g**2 + 0 + 6*g - 10 - 4*g. What is the units digit of v(5)?
5
Suppose 0 = -2*v + 4*q - 20, 4*v - 6*q = -8*q - 10. What is the tens digit of ((-7956)/24)/(2/v)?
6
Suppose 6966 = 6*r - 2940. Suppose -274 = -l + 3*q, 233 = -5*l - q + r. What is the hundreds digit of l?
2
Let v(i) = 27*i**3 - 18*i**2 + 45*i - 541. What is the units digit of v(11)?
3
Suppose -3446 = -2*s + p, 21*s = 22*s + 2*p - 1718. Let u = s + -1010. What is the units digit of u?
2
What is the thousands digit of 4 - 1/(5/(-194420))?
8
Suppose -102158 = -8*o - 22966. Suppose 6505 = 12*p - o. What is the units digit of p?
7
Let c = -42 + 71. Suppose -27*y + c*y - 66 = 0. What is the units digit of 10*1395/110 + 6/y?
7
Let v(d) = d**2 + 61*d - 2534. What is the units digit of v(61)?
8
Suppose 3*t = 3*n - 2*t - 29, n - 2*t - 11 = 0. Suppose 0 = n*u - 5 + 11. What is the units digit of (-1)/(-1 + ((-288)/146)/u)?
3
Let f = 45 - 43. Suppose -3*w - 3*y + 21 = 0, -f*y + y = 3*w - 31. What is the units digit of 640/w - (-3)/(-9)?
3
Let j(k) = -2*k**2 + k + 2. Let r be j(2). What is the tens digit of (76 + 8)/(r/(-10))?
1
Suppose -73 = -5*p - 63. What is the hundreds digit of p + -8 + 1177 + -4?
1
Suppose 460 = 5*p + 3*o - 2*o, -p - 2*o + 101 = 0. Suppose 93*m - p*m - 522 = 0. What is the hundreds digit of m?
2
Suppose 3*m - 22 + 0 = f, -2*m - f + 8 = 0. Suppose 5*q = m*q - 11. Suppose -z - 3*h + q = -0, -2*z + 24 = 4*h. What is the units digit of z?
4
Suppose -2*b + 4*n + 50 = 0, -2*b = 2*b - 3*n - 75. Suppose -b*t = -17*t + 722. What is the units digit of t?
1
Suppose 0 = -4*d - 5*x + 6*x + 83, -5*x = 5*d - 110. What is the hundreds digit of (-2 - (-4438)/d)*3?
6
Let h be 299/91 - (-2)/(-7) - 0. Suppose -h*l + 749 = 113. What is the hundreds digit of l?
2
Suppose -7*h + 15 = -6. Let w(d) = 50*d**2 + 9*d - 6. What is the units digit of w(h)?
1
Suppose -8*l + 10*l - 22465 = f, 5*f - 11260 = -l. What is the units digit of l?
5
Suppose 88 = -10*n + 248. What is the units digit of n/(1 + 255/(-260))?
2
Let h = 2698 - -21396. What is the thousands digit of h?
4
Let y = 40 - 24. Let c be 1*32*3*(10 - 9). What is the tens digit of ((-86)/(-4))/(y/c)?
2
Suppose 5*m = -7107 + 2297. Let b = -1524 - m. Let n = -326 - b. What is the tens digit of n?
3
Suppose 633*l + 13896 = 642*l. What is the tens digit of l?
4
Suppose -5*i = 5*v - 6895, -4*i - 2*v = -6769 + 1247. What is the hundreds digit of i?
3
Suppose 43*t + 17485 = -8229. Let d = 1587 + t. What is the tens digit of d?
8
Let p(c) = 5*c + 18. Let j be p(-3). Suppose 5*z - j*h - 219 = 0, -2*h + h = -2. Suppose z = 3*n + 6*n. What is the units digit of n?
5
Suppose 137 - 53 = 4*f. What is the units digit of (-3 - f/(-6))*628/2?
7
Suppose -25*d - 14472 = -23*d. What is the units digit of d/8*14/(-21)?
3
Suppose 5*v + 200 = -2*r - 717, 370 = -2*v - 4*r. Let a = 476 - v. What is the tens digit of a?
5
Let l = -167 - -158. What is the hundreds digit of 110*((-1)/(-3) - 6/l)?
1
Let d(g) = -10*g**3 - 2*g**2 - 79*g - 1051. What is the thousands digit of d(-10)?
9
Suppose 3*h - 29705 - 19504 = -4*d, -4*h = -5*d + 61519. What is the ten thousands digit of d?
1
Suppose -212*q + 201*q = -33. What is the units digit of (-11652)/(-10) - 13/195*q?
5
Suppose 5*d - 2*q = q - 5, -4*d + q + 3 = 0. Let x(h) = 2*h**2 + 2 - h**d - h - 5 - 12*h**3 + h**2. What is the tens digit of x(-2)?
0
Suppose -41*d + 40*d = -6. Suppose 2*a = -d*a + 16. Suppose a*l - 4*w = -2*l + 472, 0 = -4*l + 2*w + 468. What is the tens digit of l?
1
Let z(d) = 2 - d**3 + d**2 + 20*d**2 - 11*d + 9 - 5. Let n(g) = -g + 13. Let u be n(-7). What is the units digit of z(u)?
6
Suppose -3*i + 1153 + 74 = -3*p, -4*p = 4*i - 1612. Suppose 8*k - 3178 = i. What is the units digit of k?
8
Suppose 5 + 19 = 8*k. Suppose -k = -m, -4*m + 11 = -2*d + 35. What is the tens digit of d?
1
Suppose -2*p - 6375 = -l + 3*p, 0 = -2*p - 10. What is the thousands digit of l?
6
Let a(j) = 1421*j**2 - 3*j + 10. What is the units digit of a(2)?
8
Let b be -10 + 4/(-6) + 112/24. Let f(u) = -67*u**2 - 4*u - 7. Let j(h) = 17*h**2 + h + 2. Let x(y) = b*f(y) - 22*j(y). What is the tens digit of x(3)?
5
Suppose -4*w = -7*w + 471. Suppose -5*n = -o + 45 + w, 0 = -4*o - 2*n + 830. What is the hundreds digit of o?
2
Suppose 8 = -5*b - 32. Let c = -11 - b. What is the tens digit of 78/1 + -2 + c?
7
Suppose 20*r - 143*r = 22*r - 2126570. What is the ten thousands digit of r?
1
Suppose 0 = 4*h + 2*l - 296, 0*h - 5*l = 5*h - 380. Suppose 0 = 4*q, -3*q + h = 3*g + g. What is the units digit of g?
8
Let w be (-296)/1110*(-30)/4. Suppose 0*v - 5*q + 481 = 2*v, -w*q - 926 = -4*v. What is the tens digit of v?
3
Let s(n) = 35 + 147*n - 81*n**2 + 85*n**2 - 9. What is the units digit of s(-38)?
6
Suppose -304*z = -1981065 - 3165047. What is the hundreds digit of z?
9
Let a(j) = 53*j**2 + 25*j - 37. What is the units digit of a(-4)?
1
What is the thousands digit of -11 - (-143)/11 - -66994?
6
Let c = 418 + -372. Suppose 2*x - c - 172 = 0. What is the tens digit of x?
0
Let x be (1 + 2/1 - 14) + -2. Let c = 11 + x. Let q(i) = -66*i + 1. What is the units digit of q(c)?
3
Suppose -23*u - 383 - 77 = 0. Let z(t) = -14*t + 203. What is the units digit of z(u)?
3
Let r(h) = 4*h**2 + 31*h + 4. Let g(z) = z**2 + 8*z + 1. Let b(k) = -22*g(k) + 6*r(k). Let f be b(-5). Suppose 0 = f*x - 47 - 11. What is the tens digit of x?
2
Let g = 1595 - 2590. Let y = g - -1532. What is the hundreds digit of y?
5
Suppose -3*t = 28*l - 23*l - 137696, l = 1. What is the tens digit of t?
9
Let c be 6 - 260/45 - (-520)/9. Let x be (c*(-9)/6)/((-9)/6). Suppose 5*y = 5*k + x - 393, 0 = 2*y + 4. What is the units digit of k?
5
Let u(v) = -v**3 - 3*v**2 + 3*v + 9. Let w be u(-3). Let f be (w + -16)/((-6)/45). Suppose f - 366 = -2*x. What is the units digit of x?
3
Let n = 53 + -32. Suppose j + n = 25. Suppose 5*z + j*f = 51, 50 = 5*z + 4*f + f. What is the tens digit of z?
1
What is the tens digit of ((-39729)/(-34))/(4/168)?
7
Let g(t) = -21*t - 57. Let f be g(-5). Suppose -f*l + 40523 = l. What is the tens digit of l?
2
S